he prime factors of ((-4)/x)/(10/825)?
5, 11
Let s(a) = a - 11. Let r be s(14). Suppose -947 = -4*j - g, 4*j + r*g = g + 950. Let d = j + -85. List the prime factors of d.
151
Let q = -87 - 21. Let j = 2117 + -2114. List the prime factors of q/(-1)*j/6.
2, 3
Let q(j) = j**2 + 4*j. Let g be q(-4). What are the prime factors of -5 + 2 + g - -169?
2, 83
Let r = 392 - 549. Let c = 282 - r. List the prime factors of c.
439
Suppose 1193*c + 28 = 1197*c, 0 = u - 2*c - 46917. What are the prime factors of u?
71, 661
Suppose -2*n = 2*j - 4*j - 4, 5*n + 4*j = 37. Let i(k) be the first derivative of 5*k**3/3 - 2*k**2 - 4*k - 351. List the prime factors of i(n).
101
Suppose 0 = -13*z + 7*z + 1224. Suppose b - 4*m - 193 = 11, -b + z = -m. What are the prime factors of b?
2, 3, 17
Suppose -15*a = 82 - 1777. What are the prime factors of a?
113
Let l(b) = b**3 + 17*b**2 + 40*b + 4. Let x be l(-14). Let r(d) = -d**3 + 34*d**2 - 34*d - 86. List the prime factors of r(x).
2, 19, 23
Suppose -2*n - 8*k + 10*k - 4 = 0, -4*n + 2*k = 4. Suppose -18*z + 19542 + 11076 = n. List the prime factors of z.
3, 7
Let t = 24979 - -3677. What are the prime factors of t?
2, 3, 199
Suppose 0 = -2*r - 3*h + 17312, -14*r - 5*h = -19*r + 43205. List the prime factors of r.
8647
Let j(u) = 10*u**2 - 129*u - 60. Let o be j(44). Suppose -6*a - 2*a = -o. What are the prime factors of a?
13, 131
Suppose 239*a - 663137 - 822396 + 460462 = 0. List the prime factors of a.
4289
Suppose 5*q = 3*x + 3, -30 = -2*x - 4*q - 10. Suppose l + 2*w = 141, -x*l + 576 = -0*l + 2*w. List the prime factors of l*(10 - 6)*(-2)/(-20).
2, 29
Suppose -19*j = -23*j - 1532. Let n = -561 - -323. Let v = n - j. List the prime factors of v.
5, 29
Let f be -4 + (-245 - (-8 - -4)). Let k = -134 - f. List the prime factors of k.
3, 37
Suppose 56*g = 62*g - 48, 4*r - g - 133668 = 0. List the prime factors of r.
23, 1453
Let q(h) = 1163*h - 62. What are the prime factors of q(8)?
2, 4621
Suppose -4*l = 2*k - 6*k - 14260, -2*l - 5*k = -7172. What are the prime factors of l?
3571
Let b be 2/(-6*(-32)/84 + -2). Suppose -3*m + 10840 = b*m. List the prime factors of m.
2, 271
Suppose 4*f + 16 = 0, 1576 = 5*x + 2*f - f. Suppose 4*a = 6*a - 12. Suppose -a*h + 9*h = 4*n + x, -2*n = -4*h + 428. List the prime factors of h.
2, 3
Let r(a) be the second derivative of a**5/20 - a**4/6 - a**3 - 15*a**2/2 - 14*a. What are the prime factors of r(6)?
3, 31
Let t(y) = -7*y - 35. Let s be t(-21). Let a = 42 + s. Suppose -4*x = -4*l - 3*x + a, -5*x + 166 = 4*l. List the prime factors of l.
3, 13
Suppose -4*g + 202 = a, -3*a - 4*g = -7*a + 828. Suppose -7*o + 109 = -a. What are the prime factors of o?
3, 5
Suppose 5 + 11 = 3*b - 5*p, 3*p = -3*b. Suppose b*m - 6 = 2004. List the prime factors of m.
3, 5, 67
Let x(c) = -2*c**3 - c**2 - 12. Let a be x(-6). Let q = 511 - a. List the prime factors of q.
127
Let l(b) = 108*b**2 - 3*b - 12. Let u(n) = 109*n**2 - 3*n - 12. Let j(o) = -3*l(o) + 4*u(o). List the prime factors of j(-2).
2, 13, 17
Suppose 14*c = 22*c + 344. Let x = -41 - c. Suppose w - 584 = -4*u, -3*u + 5*u - 292 = -x*w. List the prime factors of u.
2, 73
Suppose 5*k + 115 = -b, -3*b - 2*k - 246 = -b. Let a = b + 622. List the prime factors of a.
7, 71
Suppose 0 = 6*z - 11*z + i + 500, -z + 2*i + 109 = 0. Suppose -7*y + 2*y + 10 = 0. Suppose o - z = -5*v, -y*o - 3*v = 40 - 238. List the prime factors of o.
3, 11
Suppose 0*o + 4*o - 8 = 0. Suppose 146 = o*z - 4*v, -98 = -2*z - 3*v + 55. What are the prime factors of z?
3, 5
Let v = -482 + 432. Suppose -2*j + 3*b - 2*b = -174, 16 = 4*b. Let y = j + v. List the prime factors of y.
3, 13
Suppose -3*u = 3*h + 3, -3*u + 5 = -h - 0. Let b be 3 + u/(-3)*(4 - 10). Suppose 0 = b*r + 2*m - 21, -4*r + m + 8 + 14 = 0. List the prime factors of r.
5
Suppose u - 8 = 3*a + 1, 3*u - 17 = -a. Let n(w) = -6 - w**2 - 6*w**2 - u*w + w**3 + 5*w**2 - 2*w**2. List the prime factors of n(6).
2, 3, 5
Let i(u) = 233*u**3 + u**2 + 6*u - 6. Let l be 2 - (0/(-4) - -1). List the prime factors of i(l).
2, 3, 13
Suppose -7*x - 25475 = -8*x - 5*g, -10*x + 4*g + 254588 = 0. What are the prime factors of x?
2, 5, 19, 67
Let j be (-2 + 1 + 2 - 0)*-3. Let u(r) = -106*r - 14. List the prime factors of u(j).
2, 19
Let b(d) = 12*d - 2. Let l(s) = 11*s - 3. Let o(z) = -5*b(z) + 4*l(z). Let g be 8/(-12)*-6 - 8. What are the prime factors of o(g)?
2, 31
Let g = -86210 - -171379. List the prime factors of g.
7, 23
Suppose -174*k = -161*k - 653523. What are the prime factors of k?
3, 13, 1289
Suppose 3*s + y = 5*s - 14, -5*s = -4*y - 38. Let k(z) = -5*z**2 + 10*z**2 + z**2 - 2*z**3 + s*z + 3. What are the prime factors of k(-4)?
7, 29
Suppose -9*z + 238 = -275. Let t = z - 12. Suppose 409 = 3*i + 4*s, -i - 4*s + t + 102 = 0. What are the prime factors of i?
131
Let b = 88 - 97. List the prime factors of -2 + 336 + 45/b.
7, 47
Let d be (-37)/2*(-8 - 1 - -23). What are the prime factors of (-2)/7 + (-86062)/d?
2, 83
What are the prime factors of (15/(-2))/((-708)/5284040)?
5, 2239
Suppose -5*o + 8*l - 4*l = -1292, -2*o + 509 = l. Suppose 7*k = o + 164. Suppose 3*j + 239 - k = 5*i, -j + 167 = 5*i. List the prime factors of i.
2, 17
Let m = 37 + -37. Suppose m = -16*a + 9*a + 1449. Suppose -5*v = 5*x - 323 - a, -219 = -2*x + 5*v. What are the prime factors of x?
107
Suppose 3*k + 4*q = 19, k = -3*q - 2*q - 1. Let p = k - -533. What are the prime factors of p?
2, 271
Let l(f) = 99*f + 93. Let w be l(18). Suppose u - 5*r = 347, u = 6*u + 3*r - w. What are the prime factors of u?
2, 3, 31
Let n(v) = -v**2 + 93*v - 71. Let l be n(41). Let h = 3812 - l. List the prime factors of h.
17, 103
Let q(x) = 33*x**3 + 2*x**2 + 4*x - 12. Let l = -38 + 40. What are the prime factors of q(l)?
2, 67
Let d be 8/(-6) - (-2 + (-110)/15). Suppose b + d = 5*b. Suppose 3*z + 35 = b*y, 3*z + 29 = 3*y - 28. List the prime factors of y.
2, 11
Let o = 43 - -13. Let b = o + -60. List the prime factors of (b/12)/(3/(-1179)).
131
Suppose q - 14 = -4*m, 2*m + 0 + 14 = 3*q. Suppose q*w = 400 + 290. List the prime factors of w.
5, 23
Suppose -130*m - 31*m + 15*m + 9006886 = 0. What are the prime factors of m?
7, 1259
Suppose 3*w + m + 351 = 3*m, -3*w - 351 = -m. Let x = 290 + w. What are the prime factors of x?
173
Let b = -20634 + 35100. What are the prime factors of b?
2, 3, 2411
Let m be (2 - 16/(-2))*(2 + 6). Suppose 0 = -v + 3*g - m, -285 = -2*v + 6*v - 5*g. Let c = v + 97. What are the prime factors of c?
2
Let s be 36/15*(-120)/18. List the prime factors of (212/s)/(2/(-48)).
2, 3, 53
Let j = -29 - -29. Let v be 69*(2 + -1 + j). What are the prime factors of 40/10 - -1*v?
73
Let q(i) = -124*i + 51. Let z = -371 + 364. List the prime factors of q(z).
919
Suppose -470 = -10*u - 1660. Let h(i) = -i**2 + i - 54. Let v be h(0). Let z = v - u. List the prime factors of z.
5, 13
Suppose -6*v + 135 - 3 = 0. Let j = v - 20. Suppose -j*y = 4*y - 522. What are the prime factors of y?
3, 29
Suppose 453*j = 132*j + 3026709. What are the prime factors of j?
3, 7, 449
Let o be 1*3*(-2 - -1). Let k = -2657 + 2660. List the prime factors of (-1)/o*1/(k/207).
23
Suppose -8*j = j + 2376. Let o = j - -369. List the prime factors of o.
3, 5, 7
Suppose -37*q + 43039 + 65889 = 0. List the prime factors of q.
2, 23
Let p = 3061 + -240. Let b = -1616 + p. List the prime factors of b.
5, 241
Suppose 3*i - 9 = 2*g - 0*g, i + 2*g = 11. Suppose 0 = -36*n + 54 - 7 + 241. Suppose -i*s - 615 = -n*s. What are the prime factors of s?
5, 41
Suppose -4*q + 178 = -214. Suppose -5*h = 3*r + 2*r - 765, -312 = -2*r + 4*h. Suppose 0 = -u - j + r, -u - 3*j + q + 58 = 0. List the prime factors of u.
3, 17
Let n(v) = -173*v + 1732. Let o be n(10). Let p = -1 - -1. Suppose i = 2*b - 7 + 1, -5*i - o*b + 18 = p. What are the prime factors of i?
2
Suppose 29*v = -285004 + 916795 + 963412. List the prime factors of v.
67, 821
Let h(l) = 15*l - 38. Let c be h(3). Let r(q) = 2*q**3 + 5*q**2 - 10*q + 6. List the prime factors of r(c).
3, 17
Suppose -2*y - 4*o + 14198 = 0, 323*y - 320*y + 3*o - 21285 = 0. What are the prime factors of y?
7, 1013
Let r be 4 + (-56)/12 + (-13)/3. Let l be 0*(8 + r - 2). Let x(q) = -q**2 - 3*q + 33. List the prime factors of x(l).
3, 11
Suppose -2*i + 578 - 1556 = 3*j, 1635 